{"id":163,"date":"2026-07-21T08:55:41","date_gmt":"2026-07-21T06:55:41","guid":{"rendered":"https:\/\/www.sonnen-klang.ch\/?page_id=163"},"modified":"2026-07-21T18:07:18","modified_gmt":"2026-07-21T16:07:18","slug":"was-ist-klangtherapie-kla-wie-wirkt-sie","status":"publish","type":"page","link":"https:\/\/www.sonnen-klang.ch\/?page_id=163","title":{"rendered":"Was ist Klangtherapie KLA\u00ae? Wie wirkt sie?"},"content":{"rendered":"\n<h2 class=\"wp-block-heading\">Was ist Klangtherapie KLA\u00ae?<\/h2>\n\n\n\n<p class=\"wp-block-paragraph\">Die k\u00fcrzeste Erkl\u00e4rung von Klangtherapie KLA\u00ae hat mein Partner ge\u00e4ussert. Er sagte:<\/p>\n\n\n\n<p class=\"wp-block-paragraph\">\u00abKlangtherapie erkl\u00e4ren? Was gibt es da zu erkl\u00e4ren? Du legst dich hin, Andrea spielt auf ihren Instrumenten und nachher geht es dir besser.\u00bb<br><\/p>\n\n\n\n<p class=\"wp-block-paragraph\">Er hat damit einen wesentlichen Punkt getroffen. In der Klangtherapie KLA\u00ae braucht es nicht viele Worte. Die Klangtherapie KLA\u00ae ist eine Therapieform, bei der der Klient mit obertonreichen Kl\u00e4ngen bespielt wird. <\/p>\n\n\n\n<div class=\"wp-block-media-text is-stacked-on-mobile\" style=\"border-top-left-radius:5px;border-top-right-radius:5px;border-bottom-left-radius:5px;border-bottom-right-radius:5px\"><figure class=\"wp-block-media-text__media\"><img loading=\"lazy\" decoding=\"async\" width=\"1000\" height=\"667\" src=\"https:\/\/www.sonnen-klang.ch\/wp-content\/uploads\/2026\/07\/DSC00038.resized.jpg\" alt=\"\" class=\"wp-image-164 size-full\" srcset=\"https:\/\/www.sonnen-klang.ch\/wp-content\/uploads\/2026\/07\/DSC00038.resized.jpg 1000w, https:\/\/www.sonnen-klang.ch\/wp-content\/uploads\/2026\/07\/DSC00038.resized-300x200.jpg 300w, https:\/\/www.sonnen-klang.ch\/wp-content\/uploads\/2026\/07\/DSC00038.resized-768x512.jpg 768w\" sizes=\"auto, (max-width: 1000px) 100vw, 1000px\" \/><\/figure><div class=\"wp-block-media-text__content\">\n<p class=\"wp-block-paragraph\">Das Hauptinstrument ist die Klangliege, ein Bett, unter dem 55 gleich gestimmte Saiten gespannt sind. <\/p>\n<\/div><\/div>\n\n\n\n<div class=\"wp-block-media-text is-stacked-on-mobile\" style=\"border-top-left-radius:5px;border-top-right-radius:5px;border-bottom-left-radius:5px;border-bottom-right-radius:5px\"><figure class=\"wp-block-media-text__media\"><img loading=\"lazy\" decoding=\"async\" width=\"1000\" height=\"667\" src=\"https:\/\/www.sonnen-klang.ch\/wp-content\/uploads\/2026\/07\/DSC00086.resized.jpg\" alt=\"\" class=\"wp-image-165 size-full\" srcset=\"https:\/\/www.sonnen-klang.ch\/wp-content\/uploads\/2026\/07\/DSC00086.resized.jpg 1000w, https:\/\/www.sonnen-klang.ch\/wp-content\/uploads\/2026\/07\/DSC00086.resized-300x200.jpg 300w, https:\/\/www.sonnen-klang.ch\/wp-content\/uploads\/2026\/07\/DSC00086.resized-768x512.jpg 768w\" sizes=\"auto, (max-width: 1000px) 100vw, 1000px\" \/><\/figure><div class=\"wp-block-media-text__content\">\n<p class=\"wp-block-paragraph\">Der Therapeut spielt die Saiten und durch ihre Teilung entstehen alle m\u00f6glichen Obert\u00f6ne, die der Klient einerseits \u00fcber die Ohren,<br>andererseits auch \u00fcber den K\u00f6rper wahrnimmt. Dies hat eine tief entspannende und<br>selbstheilende Wirkung. <\/p>\n<\/div><\/div>\n\n\n\n<div class=\"wp-block-media-text has-media-on-the-right is-stacked-on-mobile\" style=\"border-top-left-radius:5px;border-top-right-radius:5px;border-bottom-left-radius:5px;border-bottom-right-radius:5px\"><div class=\"wp-block-media-text__content\">\n<p class=\"wp-block-paragraph\">Die Obertonreihe ist ein Naturgesetz. Sie baut sich immer in<br>gleicher Ordnung auf. Diese Kl\u00e4nge zu h\u00f6ren hat eine tief ordnende Wirkung auf<br>unseren physischen K\u00f6rper, aber auch bis weit in seelische und geistige Ebenen hinein. Das ist so, weil die Oktaven, die in der Obertonreihe vorkommen, unserer Zellteilung \u00e4hnlich sind. Jede Zelle, die sich teilt, gibt alle Informationen weiter, so dass sie sich erneut teilen kann. Jeder Ton der Obertonreihe enth\u00e4lt alle Schwingungen, um von sich aus wieder eine neue Obertonreihe zu generieren. Somit ist unser Organismus der Obertonreihe \u00e4hnlich.<\/p>\n<\/div><figure class=\"wp-block-media-text__media\"><img loading=\"lazy\" decoding=\"async\" width=\"641\" height=\"677\" src=\"https:\/\/www.sonnen-klang.ch\/wp-content\/uploads\/2026\/07\/OT-STruktur.png\" alt=\"\" class=\"wp-image-166 size-full\" srcset=\"https:\/\/www.sonnen-klang.ch\/wp-content\/uploads\/2026\/07\/OT-STruktur.png 641w, https:\/\/www.sonnen-klang.ch\/wp-content\/uploads\/2026\/07\/OT-STruktur-284x300.png 284w\" sizes=\"auto, (max-width: 641px) 100vw, 641px\" \/><\/figure><\/div>\n\n\n\n<div class=\"wp-block-media-text has-media-on-the-right is-stacked-on-mobile\" style=\"border-top-left-radius:5px;border-top-right-radius:5px;border-bottom-left-radius:5px;border-bottom-right-radius:5px\"><div class=\"wp-block-media-text__content\">\n<p class=\"wp-block-paragraph\">Klangbehandlungen wirken noch Tage danach weiter, manchmal werden Wirkungen erst sp\u00e4ter gesp\u00fcrt oder es werden zuerst andere Themen gel\u00f6st, bevor jenes Thema dran ist, weshalb der Klient anfangs gekommen ist. Sie ist ganzheitlich. <\/p>\n<\/div><figure class=\"wp-block-media-text__media\"><img loading=\"lazy\" decoding=\"async\" width=\"1000\" height=\"667\" src=\"https:\/\/www.sonnen-klang.ch\/wp-content\/uploads\/2026\/07\/DSC00145.resized.jpg\" alt=\"\" class=\"wp-image-167 size-full\" srcset=\"https:\/\/www.sonnen-klang.ch\/wp-content\/uploads\/2026\/07\/DSC00145.resized.jpg 1000w, https:\/\/www.sonnen-klang.ch\/wp-content\/uploads\/2026\/07\/DSC00145.resized-300x200.jpg 300w, https:\/\/www.sonnen-klang.ch\/wp-content\/uploads\/2026\/07\/DSC00145.resized-768x512.jpg 768w\" sizes=\"auto, (max-width: 1000px) 100vw, 1000px\" \/><\/figure><\/div>\n\n\n\n<div class=\"wp-block-media-text is-stacked-on-mobile\" style=\"border-top-left-radius:5px;border-top-right-radius:5px;border-bottom-left-radius:5px;border-bottom-right-radius:5px\"><figure class=\"wp-block-media-text__media\"><img loading=\"lazy\" decoding=\"async\" width=\"1000\" height=\"631\" src=\"https:\/\/www.sonnen-klang.ch\/wp-content\/uploads\/2026\/07\/DSC00161-schoen-b.resized.jpg\" alt=\"\" class=\"wp-image-170 size-full\" srcset=\"https:\/\/www.sonnen-klang.ch\/wp-content\/uploads\/2026\/07\/DSC00161-schoen-b.resized.jpg 1000w, https:\/\/www.sonnen-klang.ch\/wp-content\/uploads\/2026\/07\/DSC00161-schoen-b.resized-300x189.jpg 300w, https:\/\/www.sonnen-klang.ch\/wp-content\/uploads\/2026\/07\/DSC00161-schoen-b.resized-768x485.jpg 768w\" sizes=\"auto, (max-width: 1000px) 100vw, 1000px\" \/><\/figure><div class=\"wp-block-media-text__content\">\n<p class=\"wp-block-paragraph\">Der Therapeut stellt. die Kl\u00e4nge zur Verf\u00fcgung. Sie wirken dort, wo sie mit dem Klienten mitschwingen. Die Klangliege wird durch andere Instrumente erg\u00e4nzt, die ebenfalls eine Vielfalt von Obert\u00f6nen hervorbringen: Klangschalen, Klangr\u00f6hren und der Gong. <\/p>\n<\/div><\/div>\n\n\n\n<div class=\"wp-block-media-text is-stacked-on-mobile\" style=\"border-top-left-radius:5px;border-top-right-radius:5px;border-bottom-left-radius:5px;border-bottom-right-radius:5px\"><figure class=\"wp-block-media-text__media\"><img loading=\"lazy\" decoding=\"async\" width=\"1000\" height=\"667\" src=\"https:\/\/www.sonnen-klang.ch\/wp-content\/uploads\/2026\/07\/DSC08290.resized.jpg\" alt=\"\" class=\"wp-image-169 size-full\" srcset=\"https:\/\/www.sonnen-klang.ch\/wp-content\/uploads\/2026\/07\/DSC08290.resized.jpg 1000w, https:\/\/www.sonnen-klang.ch\/wp-content\/uploads\/2026\/07\/DSC08290.resized-300x200.jpg 300w, https:\/\/www.sonnen-klang.ch\/wp-content\/uploads\/2026\/07\/DSC08290.resized-768x512.jpg 768w\" sizes=\"auto, (max-width: 1000px) 100vw, 1000px\" \/><\/figure><div class=\"wp-block-media-text__content\">\n<p class=\"wp-block-paragraph\">Klangtherapie KLA\u00aeschafft Ordnung im k\u00f6rperlichen, geistigen und seelischen System. Sie ist \u00fcberall dort anwendbar, wo etwas aus der Ordnung geraten ist und wieder zur\u00fcck gef\u00fchrt werden soll in den urspr\u00fcnglichen, heilen Zustand.<\/p>\n<\/div><\/div>\n\n\n\n<div class=\"wp-block-buttons is-layout-flex wp-block-buttons-is-layout-flex\">\n<div class=\"wp-block-button is-style-outline is-style-outline--1\"><a class=\"wp-block-button__link wp-element-button\" href=\"https:\/\/www.sonnen-klang.ch\">zur\u00fcck<\/a><\/div>\n<\/div>\n\n\n\n<h2 class=\"wp-block-heading\">Wirkungen der Klangtherapie KLA\u00ae<\/h2>\n","protected":false},"excerpt":{"rendered":"<p>Was ist Klangtherapie KLA\u00ae? Die k\u00fcrzeste Erkl\u00e4rung von Klangtherapie KLA\u00ae hat mein Partner ge\u00e4ussert. Er sagte: \u00abKlangtherapie erkl\u00e4ren? Was gibt es da zu erkl\u00e4ren? Du legst dich hin, Andrea spielt auf ihren Instrumenten und nachher geht es dir besser.\u00bb Er hat damit einen wesentlichen Punkt getroffen. In der Klangtherapie KLA\u00ae braucht es nicht viele Worte. [&hellip;]<\/p>\n","protected":false},"author":1,"featured_media":0,"parent":0,"menu_order":0,"comment_status":"closed","ping_status":"closed","template":"","meta":{"footnotes":""},"class_list":["post-163","page","type-page","status-publish","hentry"],"_links":{"self":[{"href":"https:\/\/www.sonnen-klang.ch\/index.php?rest_route=\/wp\/v2\/pages\/163","targetHints":{"allow":["GET"]}}],"collection":[{"href":"https:\/\/www.sonnen-klang.ch\/index.php?rest_route=\/wp\/v2\/pages"}],"about":[{"href":"https:\/\/www.sonnen-klang.ch\/index.php?rest_route=\/wp\/v2\/types\/page"}],"author":[{"embeddable":true,"href":"https:\/\/www.sonnen-klang.ch\/index.php?rest_route=\/wp\/v2\/users\/1"}],"replies":[{"embeddable":true,"href":"https:\/\/www.sonnen-klang.ch\/index.php?rest_route=%2Fwp%2Fv2%2Fcomments&post=163"}],"version-history":[{"count":5,"href":"https:\/\/www.sonnen-klang.ch\/index.php?rest_route=\/wp\/v2\/pages\/163\/revisions"}],"predecessor-version":[{"id":177,"href":"https:\/\/www.sonnen-klang.ch\/index.php?rest_route=\/wp\/v2\/pages\/163\/revisions\/177"}],"wp:attachment":[{"href":"https:\/\/www.sonnen-klang.ch\/index.php?rest_route=%2Fwp%2Fv2%2Fmedia&parent=163"}],"curies":[{"name":"wp","href":"https:\/\/api.w.org\/{rel}","templated":true}]}}

<h2 class="wp-block-heading">Was ist Klangtherapie KLA®?</h2>



<p class="wp-block-paragraph">Die kürzeste Erklärung von Klangtherapie KLA® hat mein Partner geäussert. Er sagte:</p>



<p class="wp-block-paragraph">«Klangtherapie erklären? Was gibt es da zu erklären? Du legst dich hin, Andrea spielt auf ihren Instrumenten und nachher geht es dir besser.»<br></p>



<p class="wp-block-paragraph">Er hat damit einen wesentlichen Punkt getroffen. In der Klangtherapie KLA® braucht es nicht viele Worte. Die Klangtherapie KLA® ist eine Therapieform, bei der der Klient mit obertonreichen Klängen bespielt wird. </p>



<div class="wp-block-media-text is-stacked-on-mobile" style="border-top-left-radius:5px;border-top-right-radius:5px;border-bottom-left-radius:5px;border-bottom-right-radius:5px"><figure class="wp-block-media-text__media"><img loading="lazy" decoding="async" width="1000" height="667" src="https://www.sonnen-klang.ch/wp-content/uploads/2026/07/DSC00038.resized.jpg" alt="" class="wp-image-164 size-full" srcset="https://www.sonnen-klang.ch/wp-content/uploads/2026/07/DSC00038.resized.jpg 1000w, https://www.sonnen-klang.ch/wp-content/uploads/2026/07/DSC00038.resized-300x200.jpg 300w, https://www.sonnen-klang.ch/wp-content/uploads/2026/07/DSC00038.resized-768x512.jpg 768w" sizes="auto, (max-width: 1000px) 100vw, 1000px" /></figure><div class="wp-block-media-text__content">
<p class="wp-block-paragraph">Das Hauptinstrument ist die Klangliege, ein Bett, unter dem 55 gleich gestimmte Saiten gespannt sind. </p>
</div></div>



<div class="wp-block-media-text is-stacked-on-mobile" style="border-top-left-radius:5px;border-top-right-radius:5px;border-bottom-left-radius:5px;border-bottom-right-radius:5px"><figure class="wp-block-media-text__media"><img loading="lazy" decoding="async" width="1000" height="667" src="https://www.sonnen-klang.ch/wp-content/uploads/2026/07/DSC00086.resized.jpg" alt="" class="wp-image-165 size-full" srcset="https://www.sonnen-klang.ch/wp-content/uploads/2026/07/DSC00086.resized.jpg 1000w, https://www.sonnen-klang.ch/wp-content/uploads/2026/07/DSC00086.resized-300x200.jpg 300w, https://www.sonnen-klang.ch/wp-content/uploads/2026/07/DSC00086.resized-768x512.jpg 768w" sizes="auto, (max-width: 1000px) 100vw, 1000px" /></figure><div class="wp-block-media-text__content">
<p class="wp-block-paragraph">Der Therapeut spielt die Saiten und durch ihre Teilung entstehen alle möglichen Obertöne, die der Klient einerseits über die Ohren,<br>andererseits auch über den Körper wahrnimmt. Dies hat eine tief entspannende und<br>selbstheilende Wirkung. </p>
</div></div>



<div class="wp-block-media-text has-media-on-the-right is-stacked-on-mobile" style="border-top-left-radius:5px;border-top-right-radius:5px;border-bottom-left-radius:5px;border-bottom-right-radius:5px"><div class="wp-block-media-text__content">
<p class="wp-block-paragraph">Die Obertonreihe ist ein Naturgesetz. Sie baut sich immer in<br>gleicher Ordnung auf. Diese Klänge zu hören hat eine tief ordnende Wirkung auf<br>unseren physischen Körper, aber auch bis weit in seelische und geistige Ebenen hinein. Das ist so, weil die Oktaven, die in der Obertonreihe vorkommen, unserer Zellteilung ähnlich sind. Jede Zelle, die sich teilt, gibt alle Informationen weiter, so dass sie sich erneut teilen kann. Jeder Ton der Obertonreihe enthält alle Schwingungen, um von sich aus wieder eine neue Obertonreihe zu generieren. Somit ist unser Organismus der Obertonreihe ähnlich.</p>
</div><figure class="wp-block-media-text__media"><img loading="lazy" decoding="async" width="641" height="677" src="https://www.sonnen-klang.ch/wp-content/uploads/2026/07/OT-STruktur.png" alt="" class="wp-image-166 size-full" srcset="https://www.sonnen-klang.ch/wp-content/uploads/2026/07/OT-STruktur.png 641w, https://www.sonnen-klang.ch/wp-content/uploads/2026/07/OT-STruktur-284x300.png 284w" sizes="auto, (max-width: 641px) 100vw, 641px" /></figure></div>



<div class="wp-block-media-text has-media-on-the-right is-stacked-on-mobile" style="border-top-left-radius:5px;border-top-right-radius:5px;border-bottom-left-radius:5px;border-bottom-right-radius:5px"><div class="wp-block-media-text__content">
<p class="wp-block-paragraph">Klangbehandlungen wirken noch Tage danach weiter, manchmal werden Wirkungen erst später gespürt oder es werden zuerst andere Themen gelöst, bevor jenes Thema dran ist, weshalb der Klient anfangs gekommen ist. Sie ist ganzheitlich. </p>
</div><figure class="wp-block-media-text__media"><img loading="lazy" decoding="async" width="1000" height="667" src="https://www.sonnen-klang.ch/wp-content/uploads/2026/07/DSC00145.resized.jpg" alt="" class="wp-image-167 size-full" srcset="https://www.sonnen-klang.ch/wp-content/uploads/2026/07/DSC00145.resized.jpg 1000w, https://www.sonnen-klang.ch/wp-content/uploads/2026/07/DSC00145.resized-300x200.jpg 300w, https://www.sonnen-klang.ch/wp-content/uploads/2026/07/DSC00145.resized-768x512.jpg 768w" sizes="auto, (max-width: 1000px) 100vw, 1000px" /></figure></div>



<div class="wp-block-media-text is-stacked-on-mobile" style="border-top-left-radius:5px;border-top-right-radius:5px;border-bottom-left-radius:5px;border-bottom-right-radius:5px"><figure class="wp-block-media-text__media"><img loading="lazy" decoding="async" width="1000" height="631" src="https://www.sonnen-klang.ch/wp-content/uploads/2026/07/DSC00161-schoen-b.resized.jpg" alt="" class="wp-image-170 size-full" srcset="https://www.sonnen-klang.ch/wp-content/uploads/2026/07/DSC00161-schoen-b.resized.jpg 1000w, https://www.sonnen-klang.ch/wp-content/uploads/2026/07/DSC00161-schoen-b.resized-300x189.jpg 300w, https://www.sonnen-klang.ch/wp-content/uploads/2026/07/DSC00161-schoen-b.resized-768x485.jpg 768w" sizes="auto, (max-width: 1000px) 100vw, 1000px" /></figure><div class="wp-block-media-text__content">
<p class="wp-block-paragraph">Der Therapeut stellt. die Klänge zur Verfügung. Sie wirken dort, wo sie mit dem Klienten mitschwingen. Die Klangliege wird durch andere Instrumente ergänzt, die ebenfalls eine Vielfalt von Obertönen hervorbringen: Klangschalen, Klangröhren und der Gong. </p>
</div></div>



<div class="wp-block-media-text is-stacked-on-mobile" style="border-top-left-radius:5px;border-top-right-radius:5px;border-bottom-left-radius:5px;border-bottom-right-radius:5px"><figure class="wp-block-media-text__media"><img loading="lazy" decoding="async" width="1000" height="667" src="https://www.sonnen-klang.ch/wp-content/uploads/2026/07/DSC08290.resized.jpg" alt="" class="wp-image-169 size-full" srcset="https://www.sonnen-klang.ch/wp-content/uploads/2026/07/DSC08290.resized.jpg 1000w, https://www.sonnen-klang.ch/wp-content/uploads/2026/07/DSC08290.resized-300x200.jpg 300w, https://www.sonnen-klang.ch/wp-content/uploads/2026/07/DSC08290.resized-768x512.jpg 768w" sizes="auto, (max-width: 1000px) 100vw, 1000px" /></figure><div class="wp-block-media-text__content">
<p class="wp-block-paragraph">Klangtherapie KLA®schafft Ordnung im körperlichen, geistigen und seelischen System. Sie ist überall dort anwendbar, wo etwas aus der Ordnung geraten ist und wieder zurück geführt werden soll in den ursprünglichen, heilen Zustand.</p>
</div></div>



<div class="wp-block-buttons is-layout-flex wp-block-buttons-is-layout-flex">
<div class="wp-block-button is-style-outline is-style-outline--1"><a class="wp-block-button__link wp-element-button" href="https://www.sonnen-klang.ch">zurück</a></div>
</div>



<h2 class="wp-block-heading">Wirkungen der Klangtherapie KLA®</h2>

<p>Was ist Klangtherapie KLA®? Die kürzeste Erklärung von Klangtherapie KLA® hat mein Partner geäussert. Er sagte: «Klangtherapie erklären? Was gibt es da zu erklären? Du legst dich hin, Andrea spielt auf ihren Instrumenten und nachher geht es dir besser.» Er hat damit einen wesentlichen Punkt getroffen. In der Klangtherapie KLA® braucht es nicht viele Worte. [&hellip;]</p>
