{"id":71,"date":"2026-07-20T09:42:55","date_gmt":"2026-07-20T07:42:55","guid":{"rendered":"https:\/\/www.sonnen-klang.ch\/?page_id=71"},"modified":"2026-07-21T08:59:49","modified_gmt":"2026-07-21T06:59:49","slug":"behandlung-preise-termine","status":"publish","type":"page","link":"https:\/\/www.sonnen-klang.ch\/?page_id=71","title":{"rendered":"Behandlung, Preise, Termine"},"content":{"rendered":"\n<h2 class=\"wp-block-heading\">Behandlung<\/h2>\n\n\n\n<div class=\"wp-block-media-text is-stacked-on-mobile is-vertically-aligned-center\"><figure class=\"wp-block-media-text__media\"><img loading=\"lazy\" decoding=\"async\" width=\"1000\" height=\"667\" src=\"https:\/\/www.sonnen-klang.ch\/wp-content\/uploads\/2026\/07\/DSC02704.resized-1.jpg\" alt=\"\" class=\"wp-image-96 size-full\" srcset=\"https:\/\/www.sonnen-klang.ch\/wp-content\/uploads\/2026\/07\/DSC02704.resized-1.jpg 1000w, https:\/\/www.sonnen-klang.ch\/wp-content\/uploads\/2026\/07\/DSC02704.resized-1-300x200.jpg 300w, https:\/\/www.sonnen-klang.ch\/wp-content\/uploads\/2026\/07\/DSC02704.resized-1-768x512.jpg 768w\" sizes=\"auto, (max-width: 1000px) 100vw, 1000px\" \/><\/figure><div class=\"wp-block-media-text__content\">\n<p class=\"has-text-align-left wp-block-paragraph\"><strong>Ablauf<\/strong><br>Im Vorgespr\u00e4ch erkl\u00e4rst du kurz deine Motivation f\u00fcr die Klangbehandlung (bestimmtes Anliegen, Erholung, Wellness, Neugier..).<br>Im Nachgespr\u00e4ch ist Raum, etwas mitzuteilen, was dir am Herzen liegt. Es ist aber kein Muss.<br><br>W\u00e4hrend dem Instrumentenspiel geh\u00f6rt die Zeit ganz dir und den Kl\u00e4ngen. <br>Der klassische Ablauf ist:<\/p>\n\n\n\n<ul class=\"wp-block-list\">\n<li>Klangschalen &amp; Klangr\u00f6hren, ca. 10min<\/li>\n\n\n\n<li>Monochord-Klangliege, ca. 20-25min <\/li>\n\n\n\n<li>Gong, ca. 10min<br><br><br><\/li>\n<\/ul>\n<\/div><\/div>\n\n\n\n<h2 class=\"wp-block-heading\">Preise<\/h2>\n\n\n\n<div class=\"wp-block-media-text is-stacked-on-mobile\"><figure class=\"wp-block-media-text__media\"><img loading=\"lazy\" decoding=\"async\" width=\"1000\" height=\"667\" src=\"https:\/\/www.sonnen-klang.ch\/wp-content\/uploads\/2026\/07\/DSC02747.resized.jpg\" alt=\"\" class=\"wp-image-99 size-full\" srcset=\"https:\/\/www.sonnen-klang.ch\/wp-content\/uploads\/2026\/07\/DSC02747.resized.jpg 1000w, https:\/\/www.sonnen-klang.ch\/wp-content\/uploads\/2026\/07\/DSC02747.resized-300x200.jpg 300w, https:\/\/www.sonnen-klang.ch\/wp-content\/uploads\/2026\/07\/DSC02747.resized-768x512.jpg 768w\" sizes=\"auto, (max-width: 1000px) 100vw, 1000px\" \/><\/figure><div class=\"wp-block-media-text__content\">\n<p class=\"wp-block-paragraph\">Aktuell befinde ich mich im 2. Ausbildungsjahr und biete meine Behandlungen zu reduzierten Preisen an.<\/p>\n\n\n\n<p class=\"wp-block-paragraph\"><strong>Behandlung 60min &#8211; 70 CHF<\/strong><\/p>\n\n\n\n<ul class=\"wp-block-list\">\n<li>15min Vor- und Nachgespr\u00e4ch<\/li>\n\n\n\n<li>45min Instrumentenspiel<\/li>\n<\/ul>\n\n\n\n<p class=\"wp-block-paragraph\"><strong>Bei Teilnahme an der Studie &#8211; 50 CHF<\/strong><\/p>\n\n\n\n<ul class=\"wp-block-list\">\n<li>5 bis 10 Behandlungen in regelm\u00e4ssigen Abst\u00e4nden (Richtlinie 1-2 Wochen)<\/li>\n\n\n\n<li>Kurzes Ausf\u00fcllen einer Zeichnung und eines Kreuzchenfragebogens vor und nach der Behandlung.<\/li>\n<\/ul>\n\n\n\n<p class=\"wp-block-paragraph\"><strong>Kinder &#8211; ca. 40 CHF<\/strong><\/p>\n\n\n\n<ul class=\"wp-block-list\">\n<li>Die Auswahl der Instrumente und die Dauer Behandlung orientiert sich am Kind.<\/li>\n\n\n\n<li>Ideal ist,wenn das Kind ca. 10min auf der Klangliege verweilen kann.<\/li>\n<\/ul>\n<\/div><\/div>\n\n\n\n<h2 class=\"wp-block-heading\">Termine<\/h2>\n\n\n\n<div class=\"wp-block-media-text is-stacked-on-mobile\"><figure class=\"wp-block-media-text__media\"><img loading=\"lazy\" decoding=\"async\" width=\"1000\" height=\"667\" src=\"https:\/\/www.sonnen-klang.ch\/wp-content\/uploads\/2026\/07\/DSC02646.resized.jpg\" alt=\"\" class=\"wp-image-102 size-full\" srcset=\"https:\/\/www.sonnen-klang.ch\/wp-content\/uploads\/2026\/07\/DSC02646.resized.jpg 1000w, https:\/\/www.sonnen-klang.ch\/wp-content\/uploads\/2026\/07\/DSC02646.resized-300x200.jpg 300w, https:\/\/www.sonnen-klang.ch\/wp-content\/uploads\/2026\/07\/DSC02646.resized-768x512.jpg 768w\" sizes=\"auto, (max-width: 1000px) 100vw, 1000px\" \/><\/figure><div class=\"wp-block-media-text__content\">\n<p class=\"wp-block-paragraph\">Donnerstag: 14:00h &amp; 15:00h<br>(ab Oktober 14:00h &#8211; 17:00h)<\/p>\n\n\n\n<p class=\"wp-block-paragraph\">Freitag 9:00 &#8211; 17:00h<\/p>\n\n\n\n<p class=\"wp-block-paragraph\">Andere Termine auf Anfrage m\u00f6glich.<\/p>\n\n\n\n<p class=\"wp-block-paragraph\">andrea.huser@gmx.ch<\/p>\n\n\n\n<p class=\"wp-block-paragraph\">079 338 72 94<\/p>\n<\/div><\/div>\n\n\n\n<div class=\"wp-block-buttons is-layout-flex wp-block-buttons-is-layout-flex\">\n<div class=\"wp-block-button is-style-outline is-style-outline--1\"><a class=\"wp-block-button__link wp-element-button\" href=\"https:\/\/www.sonnen-klang.ch\/\">zur\u00fcck<\/a><\/div>\n<\/div>\n","protected":false},"excerpt":{"rendered":"<p>Behandlung Preise Termine Donnerstag: 14:00h &amp; 15:00h(ab Oktober 14:00h &#8211; 17:00h) Freitag 9:00 &#8211; 17:00h Andere Termine auf Anfrage m\u00f6glich. andrea.huser@gmx.ch 079 338 72 94<\/p>\n","protected":false},"author":1,"featured_media":0,"parent":0,"menu_order":0,"comment_status":"closed","ping_status":"closed","template":"","meta":{"footnotes":""},"class_list":["post-71","page","type-page","status-publish","hentry"],"_links":{"self":[{"href":"https:\/\/www.sonnen-klang.ch\/index.php?rest_route=\/wp\/v2\/pages\/71","targetHints":{"allow":["GET"]}}],"collection":[{"href":"https:\/\/www.sonnen-klang.ch\/index.php?rest_route=\/wp\/v2\/pages"}],"about":[{"href":"https:\/\/www.sonnen-klang.ch\/index.php?rest_route=\/wp\/v2\/types\/page"}],"author":[{"embeddable":true,"href":"https:\/\/www.sonnen-klang.ch\/index.php?rest_route=\/wp\/v2\/users\/1"}],"replies":[{"embeddable":true,"href":"https:\/\/www.sonnen-klang.ch\/index.php?rest_route=%2Fwp%2Fv2%2Fcomments&post=71"}],"version-history":[{"count":12,"href":"https:\/\/www.sonnen-klang.ch\/index.php?rest_route=\/wp\/v2\/pages\/71\/revisions"}],"predecessor-version":[{"id":179,"href":"https:\/\/www.sonnen-klang.ch\/index.php?rest_route=\/wp\/v2\/pages\/71\/revisions\/179"}],"wp:attachment":[{"href":"https:\/\/www.sonnen-klang.ch\/index.php?rest_route=%2Fwp%2Fv2%2Fmedia&parent=71"}],"curies":[{"name":"wp","href":"https:\/\/api.w.org\/{rel}","templated":true}]}}

<h2 class="wp-block-heading">Behandlung</h2>



<div class="wp-block-media-text is-stacked-on-mobile is-vertically-aligned-center"><figure class="wp-block-media-text__media"><img loading="lazy" decoding="async" width="1000" height="667" src="https://www.sonnen-klang.ch/wp-content/uploads/2026/07/DSC02704.resized-1.jpg" alt="" class="wp-image-96 size-full" srcset="https://www.sonnen-klang.ch/wp-content/uploads/2026/07/DSC02704.resized-1.jpg 1000w, https://www.sonnen-klang.ch/wp-content/uploads/2026/07/DSC02704.resized-1-300x200.jpg 300w, https://www.sonnen-klang.ch/wp-content/uploads/2026/07/DSC02704.resized-1-768x512.jpg 768w" sizes="auto, (max-width: 1000px) 100vw, 1000px" /></figure><div class="wp-block-media-text__content">
<p class="has-text-align-left wp-block-paragraph"><strong>Ablauf</strong><br>Im Vorgespräch erklärst du kurz deine Motivation für die Klangbehandlung (bestimmtes Anliegen, Erholung, Wellness, Neugier..).<br>Im Nachgespräch ist Raum, etwas mitzuteilen, was dir am Herzen liegt. Es ist aber kein Muss.<br><br>Während dem Instrumentenspiel gehört die Zeit ganz dir und den Klängen. <br>Der klassische Ablauf ist:</p>



<ul class="wp-block-list">
<li>Klangschalen &amp; Klangröhren, ca. 10min</li>



<li>Monochord-Klangliege, ca. 20-25min </li>



<li>Gong, ca. 10min<br><br><br></li>
</ul>
</div></div>



<h2 class="wp-block-heading">Preise</h2>



<div class="wp-block-media-text is-stacked-on-mobile"><figure class="wp-block-media-text__media"><img loading="lazy" decoding="async" width="1000" height="667" src="https://www.sonnen-klang.ch/wp-content/uploads/2026/07/DSC02747.resized.jpg" alt="" class="wp-image-99 size-full" srcset="https://www.sonnen-klang.ch/wp-content/uploads/2026/07/DSC02747.resized.jpg 1000w, https://www.sonnen-klang.ch/wp-content/uploads/2026/07/DSC02747.resized-300x200.jpg 300w, https://www.sonnen-klang.ch/wp-content/uploads/2026/07/DSC02747.resized-768x512.jpg 768w" sizes="auto, (max-width: 1000px) 100vw, 1000px" /></figure><div class="wp-block-media-text__content">
<p class="wp-block-paragraph">Aktuell befinde ich mich im 2. Ausbildungsjahr und biete meine Behandlungen zu reduzierten Preisen an.</p>



<p class="wp-block-paragraph"><strong>Behandlung 60min &#8211; 70 CHF</strong></p>



<ul class="wp-block-list">
<li>15min Vor- und Nachgespräch</li>



<li>45min Instrumentenspiel</li>
</ul>



<p class="wp-block-paragraph"><strong>Bei Teilnahme an der Studie &#8211; 50 CHF</strong></p>



<ul class="wp-block-list">
<li>5 bis 10 Behandlungen in regelmässigen Abständen (Richtlinie 1-2 Wochen)</li>



<li>Kurzes Ausfüllen einer Zeichnung und eines Kreuzchenfragebogens vor und nach der Behandlung.</li>
</ul>



<p class="wp-block-paragraph"><strong>Kinder &#8211; ca. 40 CHF</strong></p>



<ul class="wp-block-list">
<li>Die Auswahl der Instrumente und die Dauer Behandlung orientiert sich am Kind.</li>



<li>Ideal ist,wenn das Kind ca. 10min auf der Klangliege verweilen kann.</li>
</ul>
</div></div>



<h2 class="wp-block-heading">Termine</h2>



<div class="wp-block-media-text is-stacked-on-mobile"><figure class="wp-block-media-text__media"><img loading="lazy" decoding="async" width="1000" height="667" src="https://www.sonnen-klang.ch/wp-content/uploads/2026/07/DSC02646.resized.jpg" alt="" class="wp-image-102 size-full" srcset="https://www.sonnen-klang.ch/wp-content/uploads/2026/07/DSC02646.resized.jpg 1000w, https://www.sonnen-klang.ch/wp-content/uploads/2026/07/DSC02646.resized-300x200.jpg 300w, https://www.sonnen-klang.ch/wp-content/uploads/2026/07/DSC02646.resized-768x512.jpg 768w" sizes="auto, (max-width: 1000px) 100vw, 1000px" /></figure><div class="wp-block-media-text__content">
<p class="wp-block-paragraph">Donnerstag: 14:00h &amp; 15:00h<br>(ab Oktober 14:00h &#8211; 17:00h)</p>



<p class="wp-block-paragraph">Freitag 9:00 &#8211; 17:00h</p>



<p class="wp-block-paragraph">Andere Termine auf Anfrage möglich.</p>



<p class="wp-block-paragraph">andrea.huser@gmx.ch</p>



<p class="wp-block-paragraph">079 338 72 94</p>
</div></div>



<div class="wp-block-buttons is-layout-flex wp-block-buttons-is-layout-flex">
<div class="wp-block-button is-style-outline is-style-outline--1"><a class="wp-block-button__link wp-element-button" href="https://www.sonnen-klang.ch/">zurück</a></div>
</div>

<p>Behandlung Preise Termine Donnerstag: 14:00h &amp; 15:00h(ab Oktober 14:00h &#8211; 17:00h) Freitag 9:00 &#8211; 17:00h Andere Termine auf Anfrage möglich. andrea.huser@gmx.ch 079 338 72 94</p>
